{"id":15,"date":"2025-01-24T20:36:03","date_gmt":"2025-01-24T20:36:03","guid":{"rendered":"https:\/\/marvelnutrition.dk\/?page_id=15"},"modified":"2025-02-09T07:18:01","modified_gmt":"2025-02-09T07:18:01","slug":"kontakt","status":"publish","type":"page","link":"https:\/\/marvelnutrition.dk\/?page_id=15","title":{"rendered":"Kontakt"},"content":{"rendered":"\n<p><\/p>\n\n\n\n<div class=\"wp-block-uagb-container uagb-block-81f09524 alignfull uagb-is-root-container\"><div class=\"uagb-container-inner-blocks-wrap\">\n<div class=\"wp-block-uagb-container uagb-block-fe5a20a2\">\n<figure class=\"wp-block-image size-large has-custom-border\" style=\"margin-top:0;margin-right:0;margin-bottom:0;margin-left:0\"><img loading=\"lazy\" decoding=\"async\" width=\"769\" height=\"1024\" src=\"https:\/\/marvelnutrition.dk\/wp-content\/uploads\/2025\/01\/01B64539-3AE1-40A2-9C73-0A3B91E38AA7_1_201_a-1-769x1024.jpg\" alt=\"\" class=\"wp-image-111\" style=\"border-radius:200px\" srcset=\"https:\/\/marvelnutrition.dk\/wp-content\/uploads\/2025\/01\/01B64539-3AE1-40A2-9C73-0A3B91E38AA7_1_201_a-1-769x1024.jpg 769w, https:\/\/marvelnutrition.dk\/wp-content\/uploads\/2025\/01\/01B64539-3AE1-40A2-9C73-0A3B91E38AA7_1_201_a-1-225x300.jpg 225w, https:\/\/marvelnutrition.dk\/wp-content\/uploads\/2025\/01\/01B64539-3AE1-40A2-9C73-0A3B91E38AA7_1_201_a-1-768x1022.jpg 768w, https:\/\/marvelnutrition.dk\/wp-content\/uploads\/2025\/01\/01B64539-3AE1-40A2-9C73-0A3B91E38AA7_1_201_a-1-1154x1536.jpg 1154w, https:\/\/marvelnutrition.dk\/wp-content\/uploads\/2025\/01\/01B64539-3AE1-40A2-9C73-0A3B91E38AA7_1_201_a-1-1539x2048.jpg 1539w, https:\/\/marvelnutrition.dk\/wp-content\/uploads\/2025\/01\/01B64539-3AE1-40A2-9C73-0A3B91E38AA7_1_201_a-1-1568x2087.jpg 1568w, https:\/\/marvelnutrition.dk\/wp-content\/uploads\/2025\/01\/01B64539-3AE1-40A2-9C73-0A3B91E38AA7_1_201_a-1-scaled.jpg 1923w\" sizes=\"auto, (max-width: 769px) 100vw, 769px\" \/><\/figure>\n<\/div>\n\n\n\n<div class=\"wp-block-uagb-container uagb-block-50bbda97\">\n<p>T\u00f8v ikke med at r\u00e6kke ud, hvis du har sp\u00f8rgsm\u00e5l eller \u00f8nsker at starte et forl\u00f8b hos mig!<\/p>\n\n\n\n<p>+45 30204955<\/p>\n\n\n\n<p><a href=\"mailto:#\">julie@marvelnutrition.com<\/a><\/p>\n\n\n\n<p><a href=\"https:\/\/www.instagram.com\/marvelnutrition\">https:\/\/www.instagram.com\/marvelnutrition<\/a><\/p>\n<\/div>\n<\/div><\/div>\n","protected":false},"excerpt":{"rendered":"<p>T\u00f8v ikke med at r\u00e6kke ud, hvis du har sp\u00f8rgsm\u00e5l eller \u00f8nsker at starte et forl\u00f8b hos mig! +45 30204955 julie@marvelnutrition.com https:\/\/www.instagram.com\/marvelnutrition<\/p>\n","protected":false},"author":1,"featured_media":0,"parent":0,"menu_order":3,"comment_status":"closed","ping_status":"closed","template":"","meta":{"_uag_custom_page_level_css":"","footnotes":""},"class_list":["post-15","page","type-page","status-publish","hentry","entry"],"uagb_featured_image_src":{"full":false,"thumbnail":false,"medium":false,"medium_large":false,"large":false,"1536x1536":false,"2048x2048":false,"post-thumbnail":false},"uagb_author_info":{"display_name":"admin","author_link":"https:\/\/marvelnutrition.dk\/?author=1"},"uagb_comment_info":0,"uagb_excerpt":"T\u00f8v ikke med at r\u00e6kke ud, hvis du har sp\u00f8rgsm\u00e5l eller \u00f8nsker at starte et forl\u00f8b hos mig! +45 30204955 julie@marvelnutrition.com https:\/\/www.instagram.com\/marvelnutrition","_links":{"self":[{"href":"https:\/\/marvelnutrition.dk\/index.php?rest_route=\/wp\/v2\/pages\/15","targetHints":{"allow":["GET"]}}],"collection":[{"href":"https:\/\/marvelnutrition.dk\/index.php?rest_route=\/wp\/v2\/pages"}],"about":[{"href":"https:\/\/marvelnutrition.dk\/index.php?rest_route=\/wp\/v2\/types\/page"}],"author":[{"embeddable":true,"href":"https:\/\/marvelnutrition.dk\/index.php?rest_route=\/wp\/v2\/users\/1"}],"replies":[{"embeddable":true,"href":"https:\/\/marvelnutrition.dk\/index.php?rest_route=%2Fwp%2Fv2%2Fcomments&post=15"}],"version-history":[{"count":7,"href":"https:\/\/marvelnutrition.dk\/index.php?rest_route=\/wp\/v2\/pages\/15\/revisions"}],"predecessor-version":[{"id":183,"href":"https:\/\/marvelnutrition.dk\/index.php?rest_route=\/wp\/v2\/pages\/15\/revisions\/183"}],"wp:attachment":[{"href":"https:\/\/marvelnutrition.dk\/index.php?rest_route=%2Fwp%2Fv2%2Fmedia&parent=15"}],"curies":[{"name":"wp","href":"https:\/\/api.w.org\/{rel}","templated":true}]}}